m(l) + 9*w(l). Determine c(o).
8
Let h(t) = 3 + 11*t**2 + 43*t - 89*t + 45*t - 4*t**2 - t**3. Let d(f) = f**3 - 2*f + 3. Let l be d(2). Calculate h(l).
-4
Let a(s) = s + 14. Let b be a(6). Let z(n) = -2 + b*n**3 - 52*n - 21*n**3 + 5*n**2 + 52*n. Give z(5).
-2
Let v = -119159 - -119156. Let o(u) = -5*u**3 - 3*u**2 + 2*u. Let w(r) = 11*r**3 + 6*r**2 - 5*r. Let x(t) = -9*o(t) - 4*w(t). What is x(v)?
-6
Let g(t) = 12*t - 54*t**2 - 49*t**2 + 147*t**2 - 45*t**2 - 1. Give g(14).
-29
Let v(n) be the third derivative of -n**6/120 - n**5/6 + 11*n**4/24 - n**3/2 - 25180*n**2. Let l be 158/(-14) + (-6)/(-21). Determine v(l).
-3
Suppose 5*c + 1 + 24 = f, 4 = -c. Let l(x) = -5*x**3 + 5*x**2 - 6*x + 3. Let p(i) = -4*i**3 + 5*i**2 - 5*i + 4. Let d(r) = 3*l(r) - 4*p(r). Calculate d(f).
3
Let v = -14 - -18. Suppose v*y + 6 = 18. Let k(z) = 1 - z - y*z - z**2 + 1 + 5. Determine k(-5).
2
Let p(c) be the first derivative of 3*c**2/2 + 18*c + 10. Let j be p(-5). Let a(f) = -6*f**2 + 19*f**j - 43*f**3 + 26*f**3 + 3*f**2. Calculate a(2).
4
Let h(t) = t**3 - 4*t - 1. Let f = -864 - -860. Let u(a) = -3*a**3 + 10*a**2 + 4*a - 6. Let b(y) = f*h(y) - u(y). Give b(-11).
-1
Suppose -80 = -24*q - 16*q. Let r(n) = 3*n**2 - 7*n - 2. Determine r(q).
-4
Let f(k) = -16*k - 403. Let i be 1*(-4)/26 - (2720/65 + -17). Determine f(i).
-3
Let i(w) be the second derivative of 2 + 88*w - 2*w**2 + 1/12*w**4 - 7/6*w**3. Calculate i(8).
4
Let l(p) = -20*p**3 + 11*p**2 - 3. Let o(n) = 13*n**3 - 7*n**2 + 2. Let g(y) = -5*l(y) - 8*o(y). Let h(u) = u**2 - 290*u - 2999. Let z be h(-10). What is g(z)?
-4
Let y(l) = -l**3 - 13*l**2 - 13*l - 14. Suppose 43*r = 40*r + 15. Suppose r*s + 62 = 2*a, -10*s - 2*a - 34 = -7*s. What is y(s)?
-2
Let u = -36 - -37. Let b(f) = 28*f - 17. Let h(l) = -10*l + 6. Let o(r) = -6*b(r) - 17*h(r). Give o(u).
2
Let a(s) = -1306 - s + 645 + 663. Calculate a(-9).
11
Suppose 0 = 6*y - y - y. Suppose -4*q + y*l + 19 = l, 0 = -5*q + 5*l + 30. Suppose 6*z = q*z - 8. Let r(n) = -n**3 - 8*n**2 + 4*n + 9. Determine r(z).
-23
Suppose 11*p = -3 - 8. Let n(v) = 74*v - 11*v + 2 - 17*v - 31*v. Determine n(p).
-13
Let h(v) = -16*v**2 - 80*v - 29. Let l(w) = 3*w**2 + 16*w + 5. Let a(g) = -2*h(g) - 11*l(g). What is a(-16)?
3
Let y(m) = 3 - 6 - m**2 + m + 3*m**2 - 3*m**2. Suppose -19*d + 21*d = 3*q + 2, -40 = 5*q + 4*d. Give y(q).
-23
Let y(q) = q + 29. Let a(v) = -v**2 - 25*v + 134. Let g be a(5). Calculate y(g).
13
Let d(q) = -q**2 + 3*q + 108. Let f(m) = 27. Let n(g) = -d(g) + 3*f(g). Calculate n(-4).
1
Let x = 57 + -48. Let i = x - -44. Let o = -49 + i. Let h(w) = w**3 - 6*w**2 + 6*w - 1. What is h(o)?
-9
Let y(w) be the first derivative of 2*w**3/3 - 21*w**2/2 - 1777. Determine y(10).
-10
Suppose 0 = -15*i + 35*i - 9660. Let v = i + -474. Let z(w) = 2*w - 20. Give z(v).
-2
Let h(c) = -c**3 + 7*c**2 - 2*c - 27. Let a be h(6). Let l(y) = -y**3 - 2*y**2 - 3*y - 3. Calculate l(a).
15
Let u(r) be the third derivative of -r**4/2 - 215*r**3/6 - 80*r**2. Let x be u(-17). Let k(t) = t**3 + 12*t**2 + 8*t - 12. What is k(x)?
21
Let n(o) = o**2 - 8*o - 1. Let m(s) = -7*s**3 + 3*s**2 - 2*s - 4. Let g be m(-1). What is n(g)?
-1
Let x(d) be the second derivative of -d**4/6 - 11*d**3/3 - 34*d**2 + 4132*d. What is x(-6)?
-8
Let o(w) = -2*w**2 + 9*w + 14. Let m be 2384/447 - ((-4)/6 + 0). Calculate o(m).
-4
Suppose 4*c = -8 - 20. Let u(h) be the first derivative of 1/3*h**3 + 41 + 3*h**2 - 6*h. What is u(c)?
1
Let v(g) = -37*g**2 + 16*g - 3. Let h(a) = 25*a**2 - 11*a + 2. Let p(u) = 7*h(u) + 5*v(u). Let j = -819 + 821. Calculate p(j).
-35
Suppose 2*s = -3*n - 26, 2*n - 9*s + 11*s + 22 = 0. Let u(i) = -11*i - 32. Determine u(n).
12
Suppose 22*o - 21*o + y = 20, y = 0. Suppose -3*c - o = -32. Let j(p) = -p**3 + 3*p**2 - 3*p + 6. What is j(c)?
-22
Let m = -365 + 486. Let n(p) = p**2 + 15 + m*p - 118*p - 25. What is n(-6)?
8
Let i(s) = 2*s**2 + 18*s - 16. Let u(r) = 2*r - 38. Let g be u(14). Let n be i(g). Let f(o) = 2*o - 2. Determine f(n).
6
Let n(w) = -w + 189*w**3 - 93*w**3 - 94*w**3. Let v(i) = i**2 - 2. Let y be v(2). What is n(y)?
14
Let y(x) = -x**2 - 11*x - 28. Let d(i) = -852*i + 845. Let s be d(1). Give y(s).
0
Let t(u) be the third derivative of 0*u**3 + 0*u - 1/60*u**5 - 5/24*u**4 + 1 - 4*u**2. What is t(-6)?
-6
Let p(c) = 62 + 107*c - 108*c + 21 + 7. Calculate p(0).
90
Let l(w) be the first derivative of 3*w**2 - 4*w + 1. Suppose 4*o = 2*f + 14, -5*f + 1 = -7*o + 9*o. Let m be -1 - f - (1 + 8/(-2)). Calculate l(m).
14
Let h(u) = 20*u**3 + 234*u**2 + 21*u - 32. Let j(z) = 11*z**3 + 128*z**2 + 11*z - 17. Let t(o) = 6*h(o) - 11*j(o). Suppose 2*q - 5 = 3*q. Give t(q).
-5
Suppose 3*n - k = 15, 2*n - 2*k = -3*k + 15. Let r(m) = -3*m + 26. Let v be r(n). Let f(j) = -j**2 + 10*j - 6. What is f(v)?
10
Let s = -23154 - -23142. Let w(q) = -q**3 - 13*q**2 - 15*q - 6. Calculate w(s).
30
Suppose -52 = 4*h + 4*o - 0*o, -5*o = h + 33. Let s(v) = -13*v - 904. Let t(d) = -2*d - 131. Let n(a) = -s(a) + 7*t(a). What is n(h)?
-5
Let x(l) = -l**3 + 29*l**2 - 39*l + 316. Let u be x(28). Let t(a) = -a**3 + 7*a**2 + 15*a. Calculate t(u).
56
Let v(f) be the second derivative of f**4/12 - 7*f**3/2 + 48*f**2 + 313*f - 2. Give v(5).
16
Let a(s) be the second derivative of -7*s**4/12 + s**3/6 - 2*s - 31. What is a(2)?
-26
Suppose 21 - 9 = a. Suppose 4*w + a = 0, 4*w + 11 = 5*o + 7*w. Let r(i) = -i**2 + 4*i + 5. Give r(o).
5
Let y(q) = q**3 + 30*q**2 + q + 22. Suppose -4*z + 4*w - 92 = 24, 2*w = -z - 32. What is y(z)?
-8
Let p(o) = -o**2 - 5*o + 10. Let s(v) = 17*v + 63. Let q be s(11). Suppose -24*x = -74*x - q. Determine p(x).
10
Let k(c) be the first derivative of 55 + 7/3*c**3 - 2*c + 2*c**2 + 1/4*c**4. Determine k(-6).
10
Let c(k) = 16 - 7315*k + 3654*k + 3655*k. Determine c(7).
-26
Let n = 2 + -3. Let q(h) = -24*h**3 - 14*h**2 + 5*h - 23. Let u(a) = -13*a**3 - 8*a**2 + 3*a - 13. Let z(s) = 4*q(s) - 7*u(s). Give z(n).
5
Let g(p) = p**2 - p. Let n(u) = -u**3 - 12*u**2 - 3*u - 2. Let j(m) = -5*g(m) - n(m). Let d be 0/(-11) - 1/(-1). Let l be -3*(d/4 + 63/36). Determine j(l).
-10
Let b(v) = -v**3 - 6*v**2 - v. Suppose 4*z + 388 = 552. Suppose z = -10*x - 9. Determine b(x).
-20
Let m be (1/(-2) + 0)*0. Suppose m = 5*t + 28 - 8. Let r(a) = -2. Let s(n) = n**2 + 3*n + 8. Let u(p) = 6*r(p) + s(p). Calculate u(t).
0
Let n(o) = -2204 + o**3 + 3*o**2 + 1181 + 1022 - 2*o. Let h be -1*(2 + -1 + 3). Give n(h).
-9
Let s = 23 + -45. Let r = s + 24. Let u(l) = -3 + 1 - l**r - 3*l - l. Give u(-4).
-2
Let b(y) = -159*y - 948. Let g be b(-6). Let d(f) = 2*f**2 - 9*f + 1. Give d(g).
19
Let p(o) = 163*o - 318. Let m be p(11). Suppose -h = -m + 1465. Let c(s) be the second derivative of s**4/12 - 2*s**3 + 7*s**2 + s. Give c(h).
-6
Let v(n) = -7*n**3 + n**2 - 4*n + 13*n - 10*n. Let a = -1 + 7. Suppose -3 = -a*b + 3. Give v(b).
-7
Let a = -2288 - -2290. Let x(k) = k**2 - 2*k + 4. Let s(q) = q**2 + 1. Let p(r) = -4*s(r) + x(r). Calculate p(a).
-16
Let j(f) = -f**3 + 4*f**2 + 7. Let s(p) = 5*p**3 - 151*p**2 + 27*p + 90. Let u be s(30). What is j(u)?
7
Let a(p) = -2*p - 11 - 9 + 14. Let l be a(-4). Let i(u) = -43*u**l - 47*u**2 + 91*u**2 - 6 - 5*u. Determine i(6).
0
Let f(l) = -17*l**3 + 2*l**2 - 1. Suppose p = -5*h - 1126, 5*p - 222 = h + 2*p. Let a = 224 + h. Calculate f(a).
18
Let t(x) = 9*x - 9. Suppose -39*n + 145 + 11 = 0. Give t(n).
27
Let c(g) = -g + 19. Let n be 59/(2832/96)*(-3 + 1). Calculate c(n).
23
Let g be 210/(-126)*6/(-10). Let h(w) = -202*w - g + 184*w + w**2 - 5. Give h(18).
-6
Suppose 45*s = 5*s + 280. Let r(x) = 6 - 153*x + x**3 + 6 + 144*x - 6*x**2. Give r(s).
-2
Suppose 6*v = 2*v. Suppose v = 14*x - 18*x. Let u(t) be the first derivative of -t**3/3 + 19*t + 1. What is u(x)?
19
Let s(c) = -3*c - 20. Let l be 250/3125 + (-327)/25 - (-1 + -6). Give s(l).
-2
Suppose -23*o = -57*o + 170. Let f(p) = p**3 - 4*p**2 - 7*p + 4. What is f(o)?
-6
Let c(j) = j**3 - 4*j**2 - 18*j + 84. Let i be c(4). Let y(t) = t**2 - 10*t - 28. What is y(i)?
-4
Let j(b) be the second derivative of b**6/240 + b**5/120 - 11*b**4/2 + b - 60. Let y(w) be the third derivative of j(w). Let s = -2 - -1. Calculate y(s).
-2
Let d(u) = u**3 - 3*u**2 - 2*u - 4. Suppose 326 = -4*z + 3*m, -4*z - 4*m + 6*m = 328. Let r = z - -83. Suppose -2*v + 11 - 3 = r. 